. Let n(g) = 7*g**2 + 30. Let t(q) = 5*l(q) - 2*n(q). Let o be (2 + -2)*(2 + -1). Calculate the remainder when 28 is divided by t(o).
8
Let v(g) = 15*g + 69. Let x be v(11). Suppose 6*r - 4*r - x = 0. Let u = 67 + -37. What is the remainder when r is divided by u?
27
Suppose -1441 - 977 = 6*a. Let x = 444 + a. Calculate the remainder when 161 is divided by x.
38
Suppose 0 = -m - 5*v + 155 + 140, -3*m - v + 885 = 0. Let z = m - 176. Suppose 3*w - 240 = -5*w. What is the remainder when z is divided by w?
29
Suppose -h + 125 = 5*n, -2*h = -12*n + 11*n - 250. Let u = h + -48. Calculate the remainder when u is divided by 6.
5
Let f(q) = -q**3 + 4*q**2 + 2*q + 21. Suppose -4*p + 0*m + 20 = 4*m, 15 = 3*p + 5*m. Calculate the remainder when f(p) is divided by 2.
0
Let b = -31 + 36. Suppose b*u - 5*r = 5, -3*u - 3*r + 7*r = -1. Suppose 2*y + 76 = 5*y - i, -5*i = -u*y + 92. What is the remainder when 141 is divided by y?
21
Suppose 12*m = 17*m + 465. Let o be (4 + -5)/((-3)/m). Let a = -23 - o. Calculate the remainder when 30 is divided by a.
6
Let c(z) = 270*z - 1601. What is the remainder when 639 is divided by c(6)?
12
Suppose -15 = -5*v, v + 59 = -k - 7. Let l = k + 94. Calculate the remainder when 87 is divided by l.
12
Suppose 48*i - 2117 = -116*i + 507. Calculate the remainder when 2238 is divided by i.
14
Let u = -12166 + 12333. What is the remainder when 279 is divided by u?
112
Let p = -290 - -290. Suppose t + 8 - 27 = p. What is the remainder when 283 is divided by t?
17
Let h = 960 - 949. Suppose -h*s = 4*s - 195. Suppose d - 47 = -4*b, -2*d + 2*b + 108 = 3*b. Calculate the remainder when d is divided by s.
3
Suppose -2*i = 10, -5*s - i + 5*i + 1020 = 0. Suppose -4*c + 60*o = 56*o - 240, 2*o - s = -3*c. Calculate the remainder when 184 is divided by c.
56
Let l(m) = -8*m + 45. What is the remainder when l(0) is divided by 12?
9
Suppose 10*g - 2*d = 12*g - 24, -g - 5*d = 0. Calculate the remainder when 385 is divided by g.
10
Suppose -4*m - 282*h + 129987 = -277*h, 0 = 2*h - 6. What is the remainder when m is divided by 11?
10
Suppose -4*n + 392 = -3*n + k, 3*n = 2*k + 1171. Suppose -388*b = -n*b + 48. What is the remainder when 52 is divided by b?
4
Suppose -25 = -2*a + 15. Suppose 0 = 14*r + 198 + 222. Let w = 37 + r. What is the remainder when a is divided by w?
6
Let y be (609/12)/7*12. Suppose 4*c + 7*u - 316 = 11*u, c - y = -3*u. What is the remainder when c is divided by 42?
39
Suppose 2705 = 28*d - 23*d. Let v = -386 + d. Calculate the remainder when v is divided by 39.
38
Suppose 2*l + 9*l + 1672 = 0. Let s = 33 - l. Calculate the remainder when s is divided by 31.
30
Suppose 3*j = 96 + 348. Suppose 6*i - 3*i + 2*b = 449, i = b + j. What is the remainder when i is divided by 20?
9
Let w(m) = -m**3 + 8*m**2 - 4*m + 19. Suppose -2*r + 6*i = i - 2, 0 = -4*r - i + 26. Calculate the remainder when w(r) is divided by 17.
16
Suppose 4*t + t + f = 166, 5*t - 5*f - 160 = 0. Calculate the remainder when 6 - (-1496)/t - 4/(-6) is divided by 28 + (-1 - (1 + -2)).
24
Let n = -49460 - -49473. Let a = -80 - -113. Calculate the remainder when a is divided by n.
7
Suppose -11*d = -11*d + 15*d - 1095. What is the remainder when 2112 is divided by d?
68
Suppose 13*o - 4450 = -1642. Let m = -100 + o. What is the remainder when m is divided by 39?
38
Suppose 0 = -2*h - g + 1337, 2*h + 11*g - 1327 = 12*g. What is the remainder when h is divided by 91?
29
Let u(t) = t**3 + 20*t**2 + 41*t + 22. Let a be u(-16). Suppose 389*x = a*x - 65. Calculate the remainder when x is divided by 13.
0
Let c(t) = 6*t - 20. Let p be c(14). Let s = p - 60. Suppose 4*v = -2*f + 154, 0 = -3*v - v - s*f + 156. What is the remainder when 72 is divided by v?
34
Let w(y) = -9*y + 1238. What is the remainder when 1007 is divided by w(136)?
13
Suppose 7*l - 90805 = -52*l - 6*l. Calculate the remainder when l is divided by 32.
21
Let p = -3512 + 3522. Calculate the remainder when 85 is divided by p.
5
Suppose -38*s = -47*s. Suppose -6 = -s*b + 2*b, -5*w + 880 = 5*b. Calculate the remainder when w is divided by 14.
11
Suppose 0 = -18*y + 119 - 11. What is the remainder when (13 - 11)/(0 + (-1)/(-44)) is divided by y?
4
Let h = -12 - -228. Suppose -120*z + 112*z = -h. Calculate the remainder when 40 is divided by z.
13
Let g be ((34/4)/(-1))/((-13)/26). Suppose 18 = -16*s + g*s. Calculate the remainder when 125 is divided by s.
17
Suppose 0 = 16*t - 19 + 83. What is the remainder when 99 is divided by (-1)/(t/(-5) - 410/500)?
49
Let w(z) = z**3 + 15*z**2 - 169*z - 1179. Calculate the remainder when w(-7) is divided by 189.
18
Suppose -19*g = 4*p - 25*g - 4884, p + 2*g = 1221. Calculate the remainder when p is divided by 36.
33
Let c = -17772 + 21790. Calculate the remainder when c is divided by 1336.
10
Let g be 4 + (4 + 0 - 3). Suppose g*f + 14*f = 133. What is the remainder when f is divided by 2?
1
Let p(w) = -w**2 - 11*w + 797. Calculate the remainder when 55 is divided by p(23).
10
Let f(a) = 2*a + 2*a - a - 32. What is the remainder when (-2)/10 + 3653/65 is divided by f(16)?
8
Let m be (6/(-9))/((-7)/42). Suppose -3*v + m*v = 59. Suppose -14*j - 30 = -17*j. Calculate the remainder when v is divided by j.
9
Suppose 5*y - 3*m - 3563 = 0, 3*y - 2051 = m + 86. What is the remainder when y is divided by 115?
22
Let v(m) = 6*m**2 - 3*m**3 + 1723 + 2*m**3 + m - 1726. Calculate the remainder when 74 is divided by v(5).
20
Let j(c) = 3*c + 4. What is the remainder when 6/4*(-22)/6*33652/(-3938) is divided by j(5)?
9
Let z = -70 + 99. Let d = 34 + -26. What is the remainder when z is divided by 16*4/d*2?
13
Let s(j) = -174*j - 1817. What is the remainder when s(-20) is divided by 335?
323
Let l = 208 + -51. Suppose 34*f = 12*f - 1320. Let n = f + l. What is the remainder when n is divided by 50?
47
Let h = -78 + 82. Suppose -2*k + 4*o - 5*o = -29, 0 = h*k - 2*o - 38. Calculate the remainder when 57 is divided by k.
9
Suppose 175*m + 5363 = 36482 - 4694. Suppose 3*u - 86 = -5*l, 4*l = 3*u + 4 - 54. Calculate the remainder when m is divided by u.
19
Suppose -8 = i - 2*j - 2, -3*j - 5 = 2*i. Calculate the remainder when 127 is divided by i - (-7)/(7/37).
28
Suppose -3*k + c = -83 - 43, -3*k + 138 = 3*c. What is the remainder when 683 is divided by k?
38
Let c(k) be the third derivative of k**6/20 + 15*k**2. Let y be c(1). Let t(o) = o + 2. What is the remainder when 23 is divided by t(y)?
7
Let g(n) = 3*n**2 + 22*n + 116. Calculate the remainder when g(-6) is divided by 7.
1
Suppose -2*y = -2*c - 52, 682*y - 680*y - 3*c = 52. What is the remainder when 144 is divided by y?
14
Suppose -14*d = -583 - 3057. Suppose -8*a + d = 5*a. What is the remainder when 58 is divided by a?
18
Suppose z + 2 = -2*o + 10, 0 = 4*o - 12. Suppose 13*h = -0 + 39. Suppose h*r - 277 + 262 = 0. Calculate the remainder when r is divided by z.
1
Let b(s) = -14 + 13*s**2 + 23*s - s**3 + 7*s - s**2. Let m(p) = 79*p + 1673. Let z be m(-21). Calculate the remainder when b(z) is divided by 9.
5
Let d = 47500 - 47482. Calculate the remainder when 1050 is divided by d.
6
Let h = 27111 - 26811. What is the remainder when h is divided by 266?
34
Let q = 34 + -32. Let w(p) = 9 + 18 + q*p - 16 - p. Calculate the remainder when w(27) is divided by 22.
16
Let k(q) = -q**2 + 57*q - 1. What is the remainder when k(3) is divided by 41?
38
Let f = -72 - -112. Suppose -4*r - 16*k + 3030 = -17*k, 4*k - 24 = 0. Calculate the remainder when r is divided by f.
39
Let t(x) = 7*x**2 + 78*x + 464. Calculate the remainder when 533 is divided by t(-6).
37
Suppose 3*a + 492 = -80*m + 84*m, 4*m + 5*a - 524 = 0. Calculate the remainder when 487 is divided by m.
109
Let d be -3 + 37*7/((-35)/(-20)). Let m = 153 - d. What is the remainder when 21 is divided by m?
5
Suppose 47204 + 19000 = -37*b + 91*b. Calculate the remainder when b is divided by 44.
38
Let c be (-7)/(2 + 9/(-3)). Suppose 243 - 26 = c*r. What is the remainder when 90 is divided by r?
28
Suppose 4*n + 580 = 26*z - 23*z, 5*z = 4*n + 956. Calculate the remainder when z is divided by 8.
4
Let t = 2977 - 2692. Calculate the remainder when t is divided by 6.
3
Suppose -56*n - 46 = -61*n + 3*y, 0 = -2*y + 6. Calculate the remainder when n is divided by 6.
5
Let x(p) = -12*p - 71. Let w